e factors of 268408884.
2, 3, 22367407
What are the prime factors of 2130857746?
2, 1065428873
List the prime factors of 148819910.
2, 5, 241, 61751
List the prime factors of 3627026636.
2, 17, 29, 373, 4931
What are the prime factors of 3234354146?
2, 1617177073
List the prime factors of 4403825954.
2, 11, 200173907
List the prime factors of 1946572692.
2, 3, 17, 103, 92641
What are the prime factors of 78589874?
2, 11, 3572267
What are the prime factors of 52185419?
11, 13, 19, 19207
What are the prime factors of 1977209620?
2, 5, 98860481
What are the prime factors of 922338758?
2, 11, 569, 73681
What are the prime factors of 119052522?
2, 3, 53, 124793
List the prime factors of 1049785186.
2, 11633, 45121
What are the prime factors of 831807120?
2, 3, 5, 3465863
List the prime factors of 101738912.
2, 11, 289031
What are the prime factors of 696660268?
2, 174165067
What are the prime factors of 65266436?
2, 3011, 5419
List the prime factors of 21834861.
3, 1093, 6659
What are the prime factors of 60369846?
2, 3, 449, 22409
List the prime factors of 39022307.
1399, 27893
List the prime factors of 313460586.
2, 3, 17, 863, 1187
What are the prime factors of 6220241196?
2, 3, 13, 43, 927287
What are the prime factors of 634116074?
2, 7307, 43391
List the prime factors of 78145982.
2, 39072991
What are the prime factors of 54824919?
3, 457, 39989
List the prime factors of 31413268.
2, 419, 18743
What are the prime factors of 73897041?
3, 103, 379, 631
What are the prime factors of 44014653?
3, 4890517
What are the prime factors of 90413355?
3, 5, 727, 8291
List the prime factors of 226603695.
3, 5, 83, 182011
What are the prime factors of 2734940626?
2, 11, 23, 5405021
List the prime factors of 337007609.
17, 101, 196277
What are the prime factors of 1023217301?
17, 60189253
What are the prime factors of 16184083?
3169, 5107
What are the prime factors of 199969722?
2, 3, 829, 1489
List the prime factors of 126164510.
2, 5, 449, 28099
List the prime factors of 264693317.
7, 4373, 8647
List the prime factors of 256615988.
2, 64153997
List the prime factors of 98847091.
7, 37, 79, 4831
List the prime factors of 1010170212.
2, 3, 23, 3660037
What are the prime factors of 39813608?
2, 4976701
What are the prime factors of 930636356?
2, 13, 571, 2411
List the prime factors of 653564706.
2, 3, 29, 3756119
List the prime factors of 224558758.
2, 19, 431, 13711
What are the prime factors of 1820018986?
2, 241, 3775973
What are the prime factors of 75552997?
13, 5811769
What are the prime factors of 153375691?
7, 71, 113, 2731
List the prime factors of 19070723.
7, 2724389
List the prime factors of 326231497.
43, 7586779
List the prime factors of 424963516.
2, 1153, 92143
List the prime factors of 1433436589.
13, 19, 5803387
What are the prime factors of 625949685?
3, 5, 2777, 5009
List the prime factors of 1651309504.
2, 13, 1984747
What are the prime factors of 48650142?
2, 3, 8108357
List the prime factors of 1688509511.
13, 23, 5647189
What are the prime factors of 336940041?
3, 23, 73, 151, 443
What are the prime factors of 205630071?
3, 68543357
List the prime factors of 2994298331.
19, 157594649
What are the prime factors of 56684935?
5, 11336987
What are the prime factors of 23034653?
47, 257, 1907
List the prime factors of 160300797.
3, 127, 420737
What are the prime factors of 303134685?
3, 5, 7, 2886997
What are the prime factors of 20322850?
2, 5, 53, 7669
List the prime factors of 152825055.
3, 5, 277, 36781
What are the prime factors of 1400451026?
2, 13, 53863501
List the prime factors of 436924307.
23, 18996709
What are the prime factors of 6161867539?
29, 179, 223, 5323
What are the prime factors of 896147166?
2, 3, 2677, 55793
What are the prime factors of 760755369?
3, 11, 41, 562273
List the prime factors of 63416653.
107, 487, 1217
List the prime factors of 17879683.
2677, 6679
List the prime factors of 1166665459.
953, 1224203
List the prime factors of 201278764.
2, 113, 445307
What are the prime factors of 38060036?
2, 7, 47, 28921
What are the prime factors of 41813598?
2, 3, 6968933
List the prime factors of 147910864.
2, 101, 91529
List the prime factors of 6188754.
2, 3, 11, 13, 7213
What are the prime factors of 37110342?
2, 3, 6185057
List the prime factors of 959504166.
2, 3, 53305787
List the prime factors of 3533275769.
5711, 618679
List the prime factors of 84832.
2, 11, 241
List the prime factors of 41397474.
2, 3, 6899579
List the prime factors of 57057009.
3, 163, 116681
List the prime factors of 194883287.
199, 979313
List the prime factors of 457754501.
89, 271, 18979
What are the prime factors of 1351523436?
2, 3, 112626953
List the prime factors of 44132852.
2, 131, 84223
What are the prime factors of 650264447?
7, 43, 308621
List the prime factors of 208836532.
2, 131, 398543
List the prime factors of 2559177003.
3, 853059001
List the prime factors of 956378920.
2, 5, 7, 1487, 2297
What are the prime factors of 181266324?
2, 3, 229, 65963
List the prime factors of 1012294760.
2, 5, 25307369
What are the prime factors of 29331081?
3, 13, 250693
List the prime factors of 2538273518.
2, 11, 383, 301243
What are the prime factors of 85418243?
19, 4495697
List the prime factors of 2912881.
23, 89, 1423
What are the prime factors of 1084101183?
3, 11, 19, 443, 1301
List the prime factors of 56207369.
56207369
List the prime factors of 59834191.
53, 1128947
List the prime factors of 273547576.
2, 34193447
List the prime factors of 919833822.
2, 3, 127, 211, 1907
List the prime factors of 17501917.
17501917
List the prime factors of 3244816612.
2, 29, 79, 401, 883
What are the prime factors of 792038251?
31, 25549621
What are the prime factors of 43877179?
47, 59, 15823
What are the prime factors of 1213680190?
2, 5, 121368019
What are the prime factors of 753434170?
2, 5, 19, 3965443
List the prime factors of 138094960.
2, 5, 131, 13177
List the prime factors of 4340115180.
2, 3, 5, 23, 853, 1229
List the prime factors of 1202153339.
1202153339
List the prime factors of 136915598.
2, 61, 1122259
What are the prime factors of 250258423?
23, 2579, 4219
List the prime factors of 14541091.
853, 17047
List the prime factors of 422583124.
2, 197, 536273
What are the prime factors of 84690429?
3, 19, 59, 25183
What are the prime factors of 16915897?
263, 64319
What are the prime factors of 66857340?
2, 3, 5, 11, 9209
What are the prime factors of 216142137?
3, 31, 774703
List the prime factors of 3134110377.
3, 997, 1051
What are the prime factors of 129075304?
2, 1289, 12517
What are the prime factors of 69487647?
3, 31, 281, 2659
List the prime factors of 789547665.
3, 5, 52636511
What are the prime factors of 249042416?
2, 7, 379, 5867
List the prime factors of 747768957.
3, 13, 19173563
List the prime factors of 605996298.
2, 3, 19, 823, 2153
List the prime factors of 198015730.
2, 5, 11, 677, 2659
List the prime factors of 96134045.
5, 7, 1201, 2287
List the prime factors of 285902753.
17, 16817809
What are the prime factors of 900651757?
1229, 732833
List the prime factors of 1329908049.
3, 147767561
List the prime factors of 86921894.
2, 47, 97, 9533
List the prime factors of 1822564025.
5, 72902561
What are the prime factors of 289232297?
269, 829, 1297
List the prime factors of 3808923.
3, 1269641
What are the prime factors of 14106884?
2, 11, 320611
What are the prime factors of 323739185?
5, 7, 11, 431, 1951
What are the prime factors of 2177619781?
2177619781
List the prime factors of 1578407537.
7, 197, 1144603
List the prime factors of 732425615.
5, 83, 1764881
What are the prime factors of 309729542?
2, 154864771
List the prime factors of 30876978.
2, 3, 11, 467833
List the prime factors of 167178718.
2, 7, 47, 254071
List the prime factors of 297830713.
139, 2142667
List the prime factors of 27276503.
53, 514651
List the prime factors of 380472017.
19, 113, 177211
List the prime factors of 6609839.
137, 48247
What are the prime factors of 12175585?
5, 47, 197, 263
List the prime factors of 128358323.
128358323
What are the prime factors of 1801953349?
7, 3203, 80369
What are the prime factors of 61721816?
2, 13, 593479
List the prime factors of 52872352.
2, 13, 149, 853
List the prime factors of 19908116.
